
False
Is 14697436031 a composite number?
True
Is 26800076021 a prime number?
True
Is 211496137 prime?
True
Is 449169811 prime?
True
Is 9443439289 prime?
True
Is 1185353083 composite?
True
Is 11293083083 a prime number?
True
Is 8725996711 a composite number?
False
Is 128168311 a prime number?
False
Is 2553440117 a composite number?
False
Is 28433013449 a prime number?
True
Is 4617824303 a prime number?
True
Is 1974426131 a prime number?
True
Is 3131736667 prime?
False
Is 60467094943 a prime number?
True
Is 6216906887 composite?
True
Is 566189153 composite?
False
Is 3040222531 a prime number?
True
Is 105503948491 a prime number?
True
Is 158544229 prime?
True
Is 5197702733 a prime number?
True
Is 6812108629 prime?
True
Is 14958388399 composite?
True
Is 53103692559 a prime number?
False
Is 3835496309 composite?
False
Is 1130356529 prime?
True
Is 1659432689 composite?
False
Is 61477040029 a prime number?
False
Is 26687175653 a prime number?
True
Is 4039830323 a composite number?
False
Is 208988143901 a composite number?
True
Is 4852333921 a prime number?
True
Is 21478715857 a prime number?
False
Is 1681848049 a prime number?
False
Is 555912203369 prime?
True
Is 327750809 composite?
False
Is 1437516023 composite?
True
Is 50909953681 prime?
False
Is 88013477 composite?
False
Is 2899693007 composite?
True
Is 17331013627 a composite number?
True
Is 14001251549 a prime number?
True
Is 1154508781 composite?
False
Is 9779005543 composite?
True
Is 446643143 a composite number?
True
Is 558785009 a composite number?
False
Is 27020233561 composite?
False
Is 2201819951 a prime number?
False
Is 3447030751 composite?
True
Is 412878259 a composite number?
True
Is 925390339 composite?
True
Is 1281847781 composite?
False
Is 1104579143 prime?
False
Is 1048259101 composite?
False
Is 19426078097 a composite number?
True
Is 23811335183 composite?
True
Is 1404411673 a composite number?
True
Is 5212020379 a prime number?
True
Is 254830967 a prime number?
True
Is 18831929989 prime?
True
Is 30593302567 prime?
False
Is 557457067 a prime number?
True
Is 15123817777 prime?
True
Is 20423973971 a composite number?
True
Is 472146547 a prime number?
False
Is 52523889467 a composite number?
True
Is 63482055287 prime?
False
Is 7812787331 composite?
True
Is 16590710315 a prime number?
False
Is 115742399 composite?
False
Is 92966803 a composite number?
True
Is 891184483 composite?
True
Is 48442406149 a composite number?
False
Is 8694500267 composite?
False
Is 2324280209 composite?
False
Is 480530233 a prime number?
False
Is 69968521091 a composite number?
True
Is 467206367 prime?
False
Is 63271101 composite?
True
Is 9426973741 composite?
True
Is 8328148523 prime?
True
Is 9466343227 composite?
True
Is 54596303371 prime?
True
Is 2570607751 a composite number?
False
Is 476799397 a prime number?
False
Is 23269768429 prime?
True
Is 3864257807 a composite number?
True
Is 2626447721 composite?
False
Is 2271807149 a composite number?
False
Is 14929929529 composite?
True
Is 536450297 prime?
False
Is 15650765719 a composite number?
False
Is 512897303 composite?
False
Is 2940312421 prime?
False
Is 10556844401 a prime number?
True
Is 90096152761 a prime number?
False
Is 2529493757 prime?
False
Is 461170987 a prime number?
False
Is 1393418102 a prime number?
False
Is 9241611781 prime?
True
Is 10147265999 a composite number?
True
Is 5611328431 prime?
False
Is 93360067249 a prime number?
True
Is 1478755373 prime?
True
Is 1412483173 a composite number?
True
Is 423483883 a composite number?
False
Is 16696352501 a prime number?
True
Is 1210815673 prime?
True
Is 19308163769 a prime number?
True
Is 19376669393 composite?
False
Is 30090065917 composite?
False
Is 40281245189 a composite number?
False
Is 3341326091 a composite number?
True
Is 4964738287 a composite number?
True
Is 596702333 prime?
False
Is 711634289165 a prime number?
False
Is 19535058601 prime?
False
Is 570915013 composite?
False
Is 3613035973 prime?
False
Is 2796126833 a prime number?
False
Is 1666139903 composite?
True
Is 109436843 prime?
True
Is 5597566129 a composite number?
False
Is 2575540379 a prime number?
True
Is 22324385033 a composite number?
True
Is 78737359 prime?
True
Is 2752507463 composite?
False
Is 7887067211 a prime number?
True
Is 107576767 a prime number?
True
Is 127391581 prime?
True
Is 9086734183 a prime number?
False
Is 27446942123 composite?
False
Is 14022574849 composite?
True
Is 56178271199 prime?
False
Is 1897263719 a prime number?
False
Is 792036703 prime?
True
Is 229949767991 composite?
True
Is 355799839 a composite number?
True
Is 839446607 composite?
False
Is 22937275169 a composite number?
True
Is 66251516927 a composite number?
True
Is 436178933 prime?
True
Is 19613834773 composite?
True
Is 2003420183 a prime number?
True
Is 25637719813 a prime number?
False
Is 1319246789 a prime number?
False
Is 193455389711 a composite number?
False
Is 154661823013 composite?
True
Is 338238022 composite?
True
Is 2630611013 a prime number?
True
Is 7228680227 a prime number?
False
Is 116978081651 a composite number?
False
Is 157513300787 prime?
False
Is 1458352693 composite?
True
Is 261390677 composite?
False
Is 4499898145 a composite number?
True
Is 1277876767 prime?
True
Is 239424565967 composite?
False
Is 3212687649 prime?
False
Is 315611629 prime?
False
Is 75547907 a prime number?
False
Is 389016307 composite?
True
Is 374092483 a prime number?
True
Is 865864133 prime?
True
Is 90284806217 a composite number?
False
Is 684282161 prime?
False
Is 88155850781 prime?
True
Is 30482457487 composite?
False
Is 1560307997 a composite number?
False
Is 1378546931 a composite number?
True
Is 1628542129 composite?
False
Is 494445269 a prime number?
False
Is 80922108979 a composite number?
True
Is 17595119813 a prime number?
False
Is 1158636502 a prime number?
False
Is 3029121845 a composite number?
True
Is 121035503 a prime number?
True
Is 2104126919 a prime number?
True
Is 108273845969 a prime number?
True
Is 79762983 prime?
False
Is 2921640271 a prime number?
False
Is 584294807 prime?
True
Is 8091091181 a prime number?
True
Is 713774693 prime?
False
Is 258571979 composite?
False
Is 58927417243 prime?
True
Is 12259440227 composite?
False
Is 83019164941 composite?
False
Is 86668573 a prime number?
False
Is 4078718509 prime?
False
Is 15108472241 a prime number?
True
Is 374680933 a composite number?
True
Is 4105685461 a prime number?
False
Is 9323332013 composite?
True
Is 17292695233 a prime number?
False
Is 1788667043 a composite number?
False
Is 360576961 a composite number?
False
Is 752398406 a composite number?
True
Is 123971065 a prime number?
False
Is 24004511483 composite?
True
Is 226223761 a prime number?
True
Is 203640142558 prime?
False
Is 4673741362 prime?
False
Is 7963731011 a prime number?
False
Is 74273909 composite?
False
Is 123351659 a composite number?
False
Is 3669877259 a prime number?
True
Is 23236117589 prime?
False
Is 463260607 prime?
True
Is 298807013 a composite number?
True
Is 2230026677 a composite number?
False
Is 87587827 a prime number?
False
Is 481725103 a composite number?
False
Is 3887160557 a prime number?
False
Is 9511856593 composite?
True
Is 5889457201 prime?
True
Is 6310991359 a prime number?
True
Is 1705404007 prime?
False
Is 8959636277 a prime number?
False
Is 4765521723 prime?
False
Is 25879762613 composite?
False
Is 707302957 prime?
False
Is 89721115661 a composite number?
False
Is 473563637 prime?
False
Is 2027159483 a composite number?
True
Is 22891277723 a prime number?
False
Is 3370966831 a composite number?
True
Is 3758091929 prime?
True
Is 115114041977 composite?
True
Is 251620114 a prime number?
False
Is 5245652681 composite?
True
Is 14901737717 composite?
False
Is 21112971667 prime?
True
Is 442832273 composite?
True
Is 9152721037 a prime number?
True
Is 10286525731 composite?
False
Is 649852781 composite?
True
Is 103139197481 a composite number?
False
Is 144463602211 a prime number?
True
Is 77589423443 composite?
True
Is 2484425711 a prime number?
True
Is 1029343267 prime?
True
Is 602335087 composite?
True
Is 1824275471 a composite number?
True
Is 36046566035 composite?
True
Is 514118197 prime?
True
Is 3669587633 prime?
False
Is 8757384673 a prime number?
False
Is 801013849 prime?
F